{"id":25,"date":"2013-02-26T20:39:52","date_gmt":"2013-02-26T20:39:52","guid":{"rendered":"http:\/\/faculty.engineering.ucdavis.edu\/template\/?page_id=25"},"modified":"2019-08-29T16:43:48","modified_gmt":"2019-08-29T16:43:48","slug":"biography","status":"publish","type":"page","link":"https:\/\/faculty.engineering.ucdavis.edu\/gomezdiaz\/biography\/","title":{"rendered":"Biography"},"content":{"rendered":"<div>I am Assistant Professor in\u00a0the <a href=\"http:\/\/www.ece.ucdavis.edu\/\">Electrical and Computer Engineering Department<\/a>\u00a0of the\u00a0<a href=\"https:\/\/www.ucdavis.edu\/\">University of California, Davis.<\/a><\/div>\n<div>\n<div>\n<h3><\/h3>\n<p>I was born in Ontur, a small town in Albacete, Spain. In 2006 I received the\u00a0Telecommunications Engineer degree (with honors) from\u00a0the\u00a0<a href=\"http:\/\/estudiaencartagena.upct.es\/international\/english\/start\/\">Technical University of Cartagena<\/a>\u00a0(UPCT), Spain.\u00a0Therein,\u00a0I\u00a0joined the Telecommunication and Electromagnetic group (GEAT), UPCT, as a research assistant. During the development of my PhD. I held visiting research positions at the\u00a0<a href=\"http:\/\/calozgroup.grames.polymtl.ca\/\">ETA<\/a>\u00a0group of\u00a0<a href=\"http:\/\/www.grames.polymtl.ca\/\">Poly-grames<\/a>,\u00a0<a href=\"http:\/\/www.polymtl.ca\/\">\u00c9cole Polytechnique de Montr\u00e9al<\/a>\u00a0(Canada, 1 year) and at the\u00a0<a href=\"http:\/\/www.fhr.fraunhofer.de\/en.html\">Fraunhofer Institute for High Frequency Physics and Radar Techniques<\/a>\u00a0(Germany, 6 months). I received my\u00a0PhD. on Electrical Engineering in\u00a02011.\u00a0In the academic course 2010-2011, I worked as an assistant professor at UPCT. From October 2011 until March 2014 I was a postdoctoral fellow at the\u00a0<a href=\"http:\/\/www.epfl.ch\/\">\u00c9cole Polytechnque F\u00e9d\u00e9ral de Lausanne<\/a>\u00a0(EPFL, Switzerland). Then, from May 2014 to August 2016, I continued my\u00a0postdoctoral work in the <a href=\"http:\/\/users.ece.utexas.edu\/~aalu\/\">Metamaterials and Plasmonic Research Laboratory<\/a> of <a href=\"http:\/\/www.utexas.edu\/\">The University of Texas at Austin<\/a>. My\u00a0main research interests include multidisciplinary areas of electromagnetic wave propagation and radiation, metamaterials and metasurfaces, plasmonics, novel 2D materials, antennas, non-linear phenomena, and other emerging topics on applied electromagnetics and nanotechnology.<\/p>\n<p>I was the recipient of a NSF CAREER Award, the 2017 Leopold B. Felsen Award for Excellence in Electrodynamics given by the European Association of Antennas and Propagation, the Raj Mittra Award presented by the 2015 IEEE Antennas and Propagation Society, the Young Scientist Award of the 2015 URSI Atlantic RadioScience Conference, a\u00a0FP7 Marie Curie Fellowship from the European Commision\u00a0in 2012, the Colegio Oficial de Ingenieros de Telecomunicaci\u00f3n (COIT\/AEIT)\u00a0award to the best Spanish Phd. thesis (national level) in basic information and communication technologies in 2011, and the best Ph.D. thesis award from the Technical University of Cartagena. I serve as a reviewer for many journals on antennas, microwaves\/THz and physics.<\/p>\n<\/div>\n<div><\/div>\n<\/div>\n<h3>Professional Experience<\/h3>\n<ul>\n<li>Assistant Professor. <a href=\"https:\/\/www.ucdavis.edu\/\">University of California, Davis<\/a>, <a href=\"http:\/\/www.ece.ucdavis.edu\/\">Electrical &amp; Computer Engineering<\/a>. Sept. 2016 \u2013 Present<\/li>\n<li>Postdoctoral Researcher. <a href=\"http:\/\/www.utexas.edu\/\">The University of Texas at Austin, Austin, Texas<\/a>. 2014 \u2013 2016<\/li>\n<li>Postdoctoral Researcher.<span style=\"font-size: medium\">\u00a0<\/span><a href=\"https:\/\/www.epfl.ch\/\">\u00c9cole Polytechnique F\u00e9d\u00e9ral de Lausanne\u00a0(EPFL), Lausanne, Switzerland<\/a>. 2011 \u2013 2014<\/li>\n<li>Adjunct Professor. <a href=\"https:\/\/upct.es\/\">Technical University of Cartagena, Spain<\/a>. 2010-2011.<\/li>\n<li>Research Assistant.\u00a0<a href=\"http:\/\/www.fhr.fraunhofer.de\/en.html\" target=\"_blank\" rel=\"nofollow noopener noreferrer\">Fraunhofer Institute for High Frequency Physics and Radar Techniques<\/a>\u00a0(FHR), Bonn, Germany. 2009-2010.<\/li>\n<li>Research Assistant. <a href=\"http:\/\/www.polymtl.ca\/en\">\u00c9cole Polytechnique de Montr\u00e9al, Montreal, Canada<\/a>, 2007-2008.<\/li>\n<\/ul>\n<h3>Education<\/h3>\n<ul>\n<li>Ph.D., Electrical Engineering. <a href=\"https:\/\/upct.es\/\">Technical University of Cartagena, Spain<\/a>. 2011.<\/li>\n<li>M.S., Electrical Engineering. <a href=\"https:\/\/upct.es\/\">Technical University of Cartagena, Spain<\/a>.\u00a02006<\/li>\n<\/ul>\n","protected":false},"excerpt":{"rendered":"<p>I am Assistant Professor in\u00a0the Electrical and Computer Engineering Department\u00a0of the\u00a0University of California, Davis. I was born in Ontur, a small town in Albacete, Spain. In 2006 I received the\u00a0Telecommunications Engineer degree (with honors) from\u00a0the\u00a0Technical University of Cartagena\u00a0(UPCT), Spain.\u00a0Therein,\u00a0I\u00a0joined the Telecommunication and Electromagnetic group (GEAT), UPCT, as a research assistant. \u2026 <a class=\"continue-reading-link\" href=\"https:\/\/faculty.engineering.ucdavis.edu\/gomezdiaz\/biography\/\"> Continue reading <span class=\"meta-nav\">&rarr; <\/span><\/a><\/p>\n","protected":false},"author":3,"featured_media":0,"parent":0,"menu_order":0,"comment_status":"closed","ping_status":"closed","template":"","meta":{"inline_featured_image":false,"ngg_post_thumbnail":0,"footnotes":""},"class_list":["post-25","page","type-page","status-publish","hentry"],"_links":{"self":[{"href":"https:\/\/faculty.engineering.ucdavis.edu\/gomezdiaz\/wp-json\/wp\/v2\/pages\/25","targetHints":{"allow":["GET"]}}],"collection":[{"href":"https:\/\/faculty.engineering.ucdavis.edu\/gomezdiaz\/wp-json\/wp\/v2\/pages"}],"about":[{"href":"https:\/\/faculty.engineering.ucdavis.edu\/gomezdiaz\/wp-json\/wp\/v2\/types\/page"}],"author":[{"embeddable":true,"href":"https:\/\/faculty.engineering.ucdavis.edu\/gomezdiaz\/wp-json\/wp\/v2\/users\/3"}],"replies":[{"embeddable":true,"href":"https:\/\/faculty.engineering.ucdavis.edu\/gomezdiaz\/wp-json\/wp\/v2\/comments?post=25"}],"version-history":[{"count":6,"href":"https:\/\/faculty.engineering.ucdavis.edu\/gomezdiaz\/wp-json\/wp\/v2\/pages\/25\/revisions"}],"predecessor-version":[{"id":267,"href":"https:\/\/faculty.engineering.ucdavis.edu\/gomezdiaz\/wp-json\/wp\/v2\/pages\/25\/revisions\/267"}],"wp:attachment":[{"href":"https:\/\/faculty.engineering.ucdavis.edu\/gomezdiaz\/wp-json\/wp\/v2\/media?parent=25"}],"curies":[{"name":"wp","href":"https:\/\/api.w.org\/{rel}","templated":true}]}}