{"id":17,"date":"2013-02-26T20:32:40","date_gmt":"2013-02-26T20:32:40","guid":{"rendered":"http:\/\/faculty.engineering.ucdavis.edu\/template\/?page_id=17"},"modified":"2014-08-26T22:05:21","modified_gmt":"2014-08-26T22:05:21","slug":"publications","status":"publish","type":"page","link":"https:\/\/faculty.engineering.ucdavis.edu\/joy\/publications\/","title":{"rendered":"Publications"},"content":{"rendered":"<table>\n<tbody>\n<tr>\n<td><img decoding=\"async\" alt=\"\" src=\"http:\/\/idav.ucdavis.edu\/publications\/func\/return_jpg?pub_id=1114\" width=\"100\" \/><\/td>\n<td>\n<ul>\n<li>Sohail Shafii, Harald Obermaier, V\u00e1clav Kol\u00e1\u0159, Mario Hlawitschka, Christoph Garth, Bernd Hamann, Kenneth I. Joy, <a href=\"http:\/\/idav.ucdavis.edu\/publications\/print_pub?pub_id=1114\">&#8220;Illustrative Rendering of Vortex Cores&#8221;<\/a>, in <i>&#8220;Eurographics Conference on Visualization (EuroVis 2013) Short Papers&#8221;<\/i>, pp 5, 2013<\/li>\n<\/ul>\n<\/td>\n<\/tr>\n<tr>\n<td><img decoding=\"async\" alt=\"\" src=\"http:\/\/idav.ucdavis.edu\/publications\/func\/return_jpg?pub_id=1113\" width=\"100\" \/><\/td>\n<td>\n<ul>\n<li>Alexy Agranovsky, Harald Obermaier, Kenneth I. Joy, <a href=\"http:\/\/idav.ucdavis.edu\/publications\/print_pub?pub_id=1113\">&#8220;A Framework for the Visualization of Finite-Time Continuum Mechanics Effects in Time-Varying Flow&#8221;<\/a>, Springer, 9th International Symposium on Visual Computing (ISVC)-Series, 2013<\/li>\n<\/ul>\n<\/td>\n<\/tr>\n<tr>\n<td><img decoding=\"async\" alt=\"\" src=\"http:\/\/idav.ucdavis.edu\/publications\/func\/return_jpg?pub_id=1112\" width=\"100\" \/><\/td>\n<td>\n<ul>\n<li>Harald Obermaier, Kenneth I. Joy, <a href=\"http:\/\/idav.ucdavis.edu\/publications\/print_pub?pub_id=1112\">&#8220;Local Data Models for Probabilistic Transfer Function Design&#8221;<\/a>, in <i>&#8220;Eurographics Conference on Visualization (EuroVis 2013) Short Papers&#8221;<\/i>, 2013<\/li>\n<\/ul>\n<\/td>\n<\/tr>\n<tr>\n<td><img decoding=\"async\" alt=\"\" src=\"http:\/\/idav.ucdavis.edu\/publications\/func\/return_jpg?pub_id=1110\" width=\"100\" \/><\/td>\n<td>\n<ul>\n<li>Lars Huettenberger, Harald Obermaier, Christoph Garth, Kenneth I. Joy, Hans Hagen, <a href=\"http:\/\/idav.ucdavis.edu\/publications\/print_pub?pub_id=1110\">&#8220;Topological Aspects of Material Interface Reconstruction: Challenges and Perspectives&#8221;<\/a>, in <i>&#8220;Topological Methods in Data Analysis and Visualization (TopoInVis)&#8221;<\/i>, Number To Appear, pp To Appear, 2013<\/li>\n<\/ul>\n<\/td>\n<\/tr>\n<tr>\n<td><img decoding=\"async\" alt=\"\" src=\"http:\/\/idav.ucdavis.edu\/publications\/func\/return_jpg?pub_id=1107\" width=\"100\" \/><\/td>\n<td>\n<ul>\n<li>Iuri Prilepov, Harald Obermaier, Eduard Deines, Christoph Garth, Kenneth I. Joy, <a href=\"http:\/\/idav.ucdavis.edu\/publications\/print_pub?pub_id=1107\"> &#8220;Cubic Gradient-Based Material Interfaces&#8221;<\/a>, in <i>&#8220;IEEE Transactions on Visualization and Computer Graphics&#8221;<\/i>, 2013<\/li>\n<\/ul>\n<\/td>\n<\/tr>\n<tr>\n<td><img decoding=\"async\" alt=\"\" src=\"http:\/\/idav.ucdavis.edu\/publications\/func\/return_jpg?pub_id=1106\" width=\"100\" \/><\/td>\n<td>\n<ul>\n<li>Sohail Shafii, Harald Obermaier, Rodman Linn, Eunmo Koo, Mario Hlawitschka, Christoph Garth, Bernd Hamann, Kenneth I. Joy, <a href=\"http:\/\/idav.ucdavis.edu\/publications\/print_pub?pub_id=1106\"> &#8220;Visualization and Analysis of Vortex-Turbine Intersections in Wind Farms&#8221;<\/a>, in <i>&#8220;IEEE Transactions on Visualization and Computer Graphics&#8221;<\/i>, pp 14, 2013<\/li>\n<\/ul>\n<\/td>\n<\/tr>\n<tr>\n<td><img decoding=\"async\" alt=\"\" src=\"http:\/\/idav.ucdavis.edu\/publications\/func\/return_jpg?pub_id=1105\" width=\"100\" \/><\/td>\n<td>\n<ul>\n<li>Shawn Recker, Mauricio Hess-Flores, Kenneth I. Joy, <a href=\"http:\/\/idav.ucdavis.edu\/publications\/print_pub?pub_id=1105\">&#8220;Statistical Angular Error-Based Triangulation for Efficient and Accurate Multi-View Scene Reconstruction&#8221;<\/a>, in <i>&#8220;Workshop on the Applications of Computer Vision (WACV)&#8221;<\/i>, 2013<\/li>\n<\/ul>\n<\/td>\n<\/tr>\n<\/tbody>\n<\/table>\n<p>For a complete list of publications please visit <a title=\"Publications\" href=\"http:\/\/idav.ucdavis.edu\/publications\" target=\"_blank\">http:\/\/idav.ucdavis.edu\/publications<\/a><\/p>\n","protected":false},"excerpt":{"rendered":"<p>Sohail Shafii, Harald Obermaier, V\u00e1clav Kol\u00e1\u0159, Mario Hlawitschka, Christoph Garth, Bernd Hamann, Kenneth I. Joy, &#8220;Illustrative Rendering of Vortex Cores&#8221;, in &#8220;Eurographics Conference on Visualization (EuroVis 2013) Short Papers&#8221;, pp 5, 2013 Alexy Agranovsky, Harald Obermaier, Kenneth I. Joy, &#8220;A Framework for the Visualization of Finite-Time Continuum Mechanics Effects in \u2026 <a class=\"continue-reading-link\" href=\"https:\/\/faculty.engineering.ucdavis.edu\/joy\/publications\/\"> Continue reading <span class=\"meta-nav\">&rarr; <\/span><\/a><\/p>\n","protected":false},"author":3,"featured_media":0,"parent":0,"menu_order":0,"comment_status":"closed","ping_status":"open","template":"template-twocolumns-left.php","meta":{"inline_featured_image":false,"ngg_post_thumbnail":0,"footnotes":""},"class_list":["post-17","page","type-page","status-publish","hentry"],"_links":{"self":[{"href":"https:\/\/faculty.engineering.ucdavis.edu\/joy\/wp-json\/wp\/v2\/pages\/17","targetHints":{"allow":["GET"]}}],"collection":[{"href":"https:\/\/faculty.engineering.ucdavis.edu\/joy\/wp-json\/wp\/v2\/pages"}],"about":[{"href":"https:\/\/faculty.engineering.ucdavis.edu\/joy\/wp-json\/wp\/v2\/types\/page"}],"author":[{"embeddable":true,"href":"https:\/\/faculty.engineering.ucdavis.edu\/joy\/wp-json\/wp\/v2\/users\/3"}],"replies":[{"embeddable":true,"href":"https:\/\/faculty.engineering.ucdavis.edu\/joy\/wp-json\/wp\/v2\/comments?post=17"}],"version-history":[{"count":8,"href":"https:\/\/faculty.engineering.ucdavis.edu\/joy\/wp-json\/wp\/v2\/pages\/17\/revisions"}],"predecessor-version":[{"id":256,"href":"https:\/\/faculty.engineering.ucdavis.edu\/joy\/wp-json\/wp\/v2\/pages\/17\/revisions\/256"}],"wp:attachment":[{"href":"https:\/\/faculty.engineering.ucdavis.edu\/joy\/wp-json\/wp\/v2\/media?parent=17"}],"curies":[{"name":"wp","href":"https:\/\/api.w.org\/{rel}","templated":true}]}}